ctors of 9824.
2, 307
What are the prime factors of 7214?
2, 3607
What are the prime factors of 50937?
3, 16979
What are the prime factors of 391?
17, 23
List the prime factors of 8709.
3, 2903
List the prime factors of 545.
5, 109
List the prime factors of 19294.
2, 11, 877
What are the prime factors of 2651?
11, 241
List the prime factors of 933.
3, 311
What are the prime factors of 1299?
3, 433
List the prime factors of 3609.
3, 401
List the prime factors of 2430.
2, 3, 5
What are the prime factors of 24317?
24317
What are the prime factors of 622?
2, 311
List the prime factors of 600.
2, 3, 5
What are the prime factors of 45526?
2, 13, 17, 103
What are the prime factors of 23682?
2, 3, 3947
What are the prime factors of 3145?
5, 17, 37
List the prime factors of 9919.
7, 13, 109
What are the prime factors of 660?
2, 3, 5, 11
What are the prime factors of 12?
2, 3
List the prime factors of 113819.
113819
List the prime factors of 66015.
3, 5, 163
What are the prime factors of 5363?
31, 173
List the prime factors of 4003.
4003
What are the prime factors of 5154?
2, 3, 859
List the prime factors of 56658.
2, 3, 7, 19, 71
List the prime factors of 3798.
2, 3, 211
List the prime factors of 49592.
2, 6199
List the prime factors of 2943.
3, 109
List the prime factors of 176729.
7, 25247
List the prime factors of 680.
2, 5, 17
List the prime factors of 2989.
7, 61
What are the prime factors of 1300?
2, 5, 13
What are the prime factors of 331?
331
What are the prime factors of 2337?
3, 19, 41
List the prime factors of 10915.
5, 37, 59
List the prime factors of 167.
167
What are the prime factors of 19856?
2, 17, 73
List the prime factors of 1569.
3, 523
What are the prime factors of 5019?
3, 7, 239
What are the prime factors of 84735?
3, 5, 7, 269
What are the prime factors of 481?
13, 37
List the prime factors of 1001.
7, 11, 13
List the prime factors of 2042.
2, 1021
List the prime factors of 30211.
30211
List the prime factors of 414.
2, 3, 23
What are the prime factors of 24782?
2, 12391
List the prime factors of 1517.
37, 41
List the prime factors of 4098.
2, 3, 683
What are the prime factors of 1151?
1151
List the prime factors of 27979.
7, 571
List the prime factors of 20425.
5, 19, 43
List the prime factors of 4967.
4967
What are the prime factors of 86735?
5, 11, 19, 83
List the prime factors of 78213.
3, 29, 31
What are the prime factors of 240?
2, 3, 5
What are the prime factors of 9344?
2, 73
What are the prime factors of 10128?
2, 3, 211
List the prime factors of 127.
127
List the prime factors of 4207.
7, 601
What are the prime factors of 1930?
2, 5, 193
List the prime factors of 1001.
7, 11, 13
What are the prime factors of 724?
2, 181
List the prime factors of 1353.
3, 11, 41
What are the prime factors of 9117?
3, 1013
What are the prime factors of 71676?
2, 3, 11, 181
What are the prime factors of 4070?
2, 5, 11, 37
What are the prime factors of 3416?
2, 7, 61
What are the prime factors of 3606?
2, 3, 601
List the prime factors of 27880.
2, 5, 17, 41
List the prime factors of 37240.
2, 5, 7, 19
List the prime factors of 1744.
2, 109
List the prime factors of 27790.
2, 5, 7, 397
What are the prime factors of 29961?
3, 3329
What are the prime factors of 1584?
2, 3, 11
What are the prime factors of 553?
7, 79
What are the prime factors of 273?
3, 7, 13
What are the prime factors of 1235?
5, 13, 19
List the prime factors of 1271.
31, 41
List the prime factors of 2645.
5, 23
List the prime factors of 1851.
3, 617
What are the prime factors of 620?
2, 5, 31
What are the prime factors of 1408?
2, 11
List the prime factors of 3459.
3, 1153
List the prime factors of 56872.
2, 7109
What are the prime factors of 5646?
2, 3, 941
What are the prime factors of 493?
17, 29
What are the prime factors of 3854?
2, 41, 47
List the prime factors of 5673.
3, 31, 61
List the prime factors of 25102.
2, 7, 11, 163
What are the prime factors of 994?
2, 7, 71
List the prime factors of 5832.
2, 3
List the prime factors of 22060.
2, 5, 1103
List the prime factors of 16693.
16693
List the prime factors of 72199.
17, 31, 137
What are the prime factors of 2536?
2, 317
What are the prime factors of 113816?
2, 41, 347
List the prime factors of 28523.
11, 2593
What are the prime factors of 2213?
2213
List the prime factors of 11722.
2, 5861
List the prime factors of 16914.
2, 3, 2819
What are the prime factors of 27352?
2, 13, 263
What are the prime factors of 2728?
2, 11, 31
List the prime factors of 151129.
11, 1249
List the prime factors of 2646.
2, 3, 7
List the prime factors of 48142.
2, 24071
What are the prime factors of 1694?
2, 7, 11
List the prime factors of 2725.
5, 109
List the prime factors of 7284.
2, 3, 607
What are the prime factors of 3576?
2, 3, 149
What are the prime factors of 139514?
2, 79, 883
List the prime factors of 10758.
2, 3, 11, 163
What are the prime factors of 3049?
3049
What are the prime factors of 27281?
27281
List the prime factors of 634.
2, 317
What are the prime factors of 14828?
2, 11, 337
What are the prime factors of 14155?
5, 19, 149
List the prime factors of 43064.
2, 7, 769
List the prime factors of 1919.
19, 101
What are the prime factors of 5977?
43, 139
What are the prime factors of 870?
2, 3, 5, 29
List the prime factors of 171837.
3, 61, 313
What are the prime factors of 13881?
3, 7, 661
What are the prime factors of 964?
2, 241
List the prime factors of 3219.
3, 29, 37
List the prime factors of 80368.
2, 5023
What are the prime factors of 39069?
3, 1447
List the prime factors of 2331.
3, 7, 37
What are the prime factors of 35497?
7, 11, 461
List the prime factors of 118533.
3, 39511
What are the prime factors of 47239?
97, 487
What are the prime factors of 4402?
2, 31, 71
What are the prime factors of 1397?
11, 127
List the prime factors of 4600.
2, 5, 23
What are the prime factors of 1164?
2, 3, 97
What are the prime factors of 4909?
4909
List the prime factors of 206.
2, 103
What are the prime factors of 15121?
15121
What are the prime factors of 761?
761
What are the prime factors of 1048?
2, 131
What are the prime factors of 3236?
2, 809
List the prime factors of 139219.
23, 6053
What are the prime factors of 47194?
2, 7, 3371
List the prime factors of 1852.
2, 463
List the prime factors of 6320.
2, 5, 79
What are the prime factors of 1078?
2, 7, 11
What are the prime factors of 16753?
11, 1523
What are the prime factors of 1607?
1607
What are the prime factors of 2879?
2879
What are the prime factors of 5469?
3, 1823
What are the prime factors of 18940?
2, 5, 947
List the prime factors of 54850.
2, 5, 1097
What are the prime factors of 3728?
2, 233
List the prime factors of 348.
2, 3, 29
List the prime factors of 29739.
3, 23, 431
What are the prime factors of 22652?
2, 7, 809
What are the prime factors of 405?
3, 5
What are the prime factors of 4442?
2, 2221
List the prime factors of 75286.
2, 37643
List the prime factors of 275.
5, 11
What are the prime factors of 26827?
139, 193
List the prime factors of 22634.
2, 11317
List the prime factors of 12605.
5, 2521
What are the prime factors of 5973?
3, 11, 181
List the prime factors of 9037.
7, 1291
List the prime factors of 23806.
2, 11903
List the prime factors of 355.
5, 71
List the prime factors of 11158.
2, 7, 797
List the prime factors of 107127.
3, 11903
What are the prime factors of 10126?
2, 61, 83
What are the prime factors of 1659?
3, 7, 79
What are the prime factors of 3002?
2, 19, 79
List the prime factors of 4060.
2, 5, 7, 29
What are the prime factors of 11144?
2, 7, 199
List the prime factors of 2050.
2, 5, 41
List the prime factors of 376.
2, 47
List the prime factors of 234.
2, 3, 13
What are the prime factors of 2516?
2, 17, 37
What are the prime factors of 15321?
3, 5107
List the prime factors of 1709.
1709
List the prime factors of 66024.
2, 3, 7, 131
What are the prime factors of 39166?
2, 19583
What are the prime factors of 1306?
2, 653
What are the prime factors of 886?
2, 443
What are the prime factors of 78699?
3, 37, 709
What are the prime factors of 4660?
2, 5, 233
What are the prime factors of 157?
157
List the prime factors of 828.
2, 3, 23
What are the prime factors of 2249?
13, 173
What are the prime factors of 9755?
5, 1951
W